{"id":314,"date":"2018-06-04T17:50:40","date_gmt":"2018-06-04T15:50:40","guid":{"rendered":"https:\/\/homepage-qkr4bkkudr.live-website.com\/web\/?page_id=314"},"modified":"2026-04-21T11:45:36","modified_gmt":"2026-04-21T09:45:36","slug":"feuerwehr","status":"publish","type":"page","link":"https:\/\/koenigseggwald.de\/index.php\/feuerwehr\/","title":{"rendered":"Feuerwehr"},"content":{"rendered":"<p>[vc_row full_width=&#8220;stretch_row_content_no_spaces&#8220; parallax=&#8220;content-moving-fade&#8220; parallax_image=&#8220;1593&#8243; css=&#8220;.vc_custom_1532449550841{padding-top: 200px !important;padding-bottom: 200px !important;}&#8220;][vc_column][\/vc_column][\/vc_row][vc_row][vc_column][vc_column_text]<\/p>\n<h2><span style=\"color: #800000;\">Freiwillige Feuerwehr K\u00f6nigseggwald<\/span><\/h2>\n<p>In unserer Feuerwehr leisten derzeit etwa 30 freiwillige Feuerwehrm\u00e4nner und -frauen ihren ehrenamtlichen Dienst. In unserer Einsatzabteilung sind Tag und Nacht circa 20 Mann und Frau in Bereitschaft, um im Fall des Falles rasch und kompetent zu helfen.<br \/>\nDie Jugendfeuerwehr umfasst 10 Nachwuchsfeuerwehrkr\u00e4fte. Um f\u00fcr die unterschiedlichen Einsatzsituationen professionell ger\u00fcstet und f\u00fcr deren Bew\u00e4ltigung stets auf dem neuesten Stand zu sein, werden auf der Basis der Grundausbildung regelm\u00e4\u00dfig \u00dcbungen durchgef\u00fchrt.<\/p>\n<p>&nbsp;<\/p>\n<h4>Kommandant der Freiwilligen Feuerwehr:<\/h4>\n<p>Stefan Kauer. Er ist bei Fragen unter 0151-72219636 sowie per Mail: <a href=\"mailto:stefan.kauer89@web.de\">stefan.kauer89@web.de<\/a> erreichbar.<\/p>\n<p>&nbsp;<\/p>\n<h4>Stellvertretender Kommandant:<\/h4>\n<p>Markus Arnold. Er ist unter 0174-2112004 oder per Mail: <a href=\"mailto:mm-k-wald@t-online.de\">mm-k-wald@t-online.de<\/a>\u00a0erreichbar.<\/p>\n<p>&nbsp;<\/p>\n<h4>Jugendwart:<\/h4>\n<p>Michael Gittinger. Erreichbar unter: 0172-7610232 oder per Mail: <a href=\"mailto:michael.gittinger@gmx.de\">michael.gittinger@gmx.de<\/a><\/p>\n<p>&nbsp;<\/p>\n<h3>Willst auch Du zur Feuerwehr?<\/h3>\n<p>Die aktive Einsatzabteilung probt einmal monatlich montags um 19:45 Uhr.<br \/>\nDie Jugendfeuerwehr einmal monatlich mittwochs um 18:00 Uhr.<br \/>\nDie Proben finden jeweils im Ger\u00e4tehaus im Lerchenweg 2 statt.<\/p>\n<p><strong>Interessenten sowie Neumitglieder sind jederzeit herzlich willkommen!<\/strong>[\/vc_column_text][\/vc_column][\/vc_row][vc_row][vc_column][vc_media_grid element_width=&#8220;3&#8243; grid_id=&#8220;vc_gid:1776764625506-d7d66a8b-a98c-9&#8243; include=&#8220;3647,5890,3645,3643,1155,3644,3646,3648,3649,3650,3652,3653,3654,1157,1158,1156&#8243;][\/vc_column][\/vc_row]<\/p>\n","protected":false},"excerpt":{"rendered":"<p>Unsere Einsatzabteilung ist Tag und Nacht in Bereitschaft, um im Fall des Falles rasch und kompetent zu helfen<\/p>\n","protected":false},"author":1,"featured_media":1771,"parent":0,"menu_order":0,"comment_status":"closed","ping_status":"open","template":"","meta":{"footnotes":""},"class_list":["post-314","page","type-page","status-publish","has-post-thumbnail","hentry","categories-buerger"],"_links":{"self":[{"href":"https:\/\/koenigseggwald.de\/index.php\/wp-json\/wp\/v2\/pages\/314","targetHints":{"allow":["GET"]}}],"collection":[{"href":"https:\/\/koenigseggwald.de\/index.php\/wp-json\/wp\/v2\/pages"}],"about":[{"href":"https:\/\/koenigseggwald.de\/index.php\/wp-json\/wp\/v2\/types\/page"}],"author":[{"embeddable":true,"href":"https:\/\/koenigseggwald.de\/index.php\/wp-json\/wp\/v2\/users\/1"}],"replies":[{"embeddable":true,"href":"https:\/\/koenigseggwald.de\/index.php\/wp-json\/wp\/v2\/comments?post=314"}],"version-history":[{"count":4,"href":"https:\/\/koenigseggwald.de\/index.php\/wp-json\/wp\/v2\/pages\/314\/revisions"}],"predecessor-version":[{"id":4467,"href":"https:\/\/koenigseggwald.de\/index.php\/wp-json\/wp\/v2\/pages\/314\/revisions\/4467"}],"wp:featuredmedia":[{"embeddable":true,"href":"https:\/\/koenigseggwald.de\/index.php\/wp-json\/wp\/v2\/media\/1771"}],"wp:attachment":[{"href":"https:\/\/koenigseggwald.de\/index.php\/wp-json\/wp\/v2\/media?parent=314"}],"curies":[{"name":"wp","href":"https:\/\/api.w.org\/{rel}","templated":true}]}}

<p>[vc_row full_width=&#8220;stretch_row_content_no_spaces&#8220; parallax=&#8220;content-moving-fade&#8220; parallax_image=&#8220;1593&#8243; css=&#8220;.vc_custom_1532449550841{padding-top: 200px !important;padding-bottom: 200px !important;}&#8220;][vc_column][/vc_column][/vc_row][vc_row][vc_column][vc_column_text]</p>
<h2><span style="color: #800000;">Freiwillige Feuerwehr Königseggwald</span></h2>
<p>In unserer Feuerwehr leisten derzeit etwa 30 freiwillige Feuerwehrmänner und -frauen ihren ehrenamtlichen Dienst. In unserer Einsatzabteilung sind Tag und Nacht circa 20 Mann und Frau in Bereitschaft, um im Fall des Falles rasch und kompetent zu helfen.<br />
Die Jugendfeuerwehr umfasst 10 Nachwuchsfeuerwehrkräfte. Um für die unterschiedlichen Einsatzsituationen professionell gerüstet und für deren Bewältigung stets auf dem neuesten Stand zu sein, werden auf der Basis der Grundausbildung regelmäßig Übungen durchgeführt.</p>
<p>&nbsp;</p>
<h4>Kommandant der Freiwilligen Feuerwehr:</h4>
<p>Stefan Kauer. Er ist bei Fragen unter 0151-72219636 sowie per Mail: <a href="mailto:stefan.kauer89@web.de">stefan.kauer89@web.de</a> erreichbar.</p>
<p>&nbsp;</p>
<h4>Stellvertretender Kommandant:</h4>
<p>Markus Arnold. Er ist unter 0174-2112004 oder per Mail: <a href="mailto:mm-k-wald@t-online.de">mm-k-wald@t-online.de</a> erreichbar.</p>
<p>&nbsp;</p>
<h4>Jugendwart:</h4>
<p>Michael Gittinger. Erreichbar unter: 0172-7610232 oder per Mail: <a href="mailto:michael.gittinger@gmx.de">michael.gittinger@gmx.de</a></p>
<p>&nbsp;</p>
<h3>Willst auch Du zur Feuerwehr?</h3>
<p>Die aktive Einsatzabteilung probt einmal monatlich montags um 19:45 Uhr.<br />
Die Jugendfeuerwehr einmal monatlich mittwochs um 18:00 Uhr.<br />
Die Proben finden jeweils im Gerätehaus im Lerchenweg 2 statt.</p>
<p><strong>Interessenten sowie Neumitglieder sind jederzeit herzlich willkommen!</strong>[/vc_column_text][/vc_column][/vc_row][vc_row][vc_column][vc_media_grid element_width=&#8220;3&#8243; grid_id=&#8220;vc_gid:1776764625506-d7d66a8b-a98c-9&#8243; include=&#8220;3647,5890,3645,3643,1155,3644,3646,3648,3649,3650,3652,3653,3654,1157,1158,1156&#8243;][/vc_column][/vc_row]</p>
